r = o - -55. What is the tens digit of r?
3
Suppose 61 + 179 = 4*q. Suppose -q = -3*w - 2*w. What is the tens digit of w?
1
Suppose z + 40 = 6*z. What is the units digit of ((-19)/4)/((-2)/z)?
9
Suppose 1 + 8 = 3*s. Suppose 5 = -3*p + o, 5*p = 4*p - 5*o + 25. Suppose s*m - 12 - 3 = p. What is the units digit of m?
5
Suppose 0 = -2*v - 6, 4*v = -w - 1 - 16. Let i = w + -6. Let q = i + 19. What is the units digit of q?
8
Let s(c) = c**3 - 5*c**2 - 7*c + 6. Let y be s(6). Suppose y*q + 2*q - 28 = 2*m, -5*q - 3*m + 30 = 0. What is the units digit of q?
9
Suppose -3*r + 7 = -8. Suppose -v + 2*l + 12 = -7, -r*v = -l - 86. Suppose 3*q - 4 = v. What is the units digit of q?
7
Let u(l) be the third derivative of l**4/12 - 3*l**3/2 + 5*l**2. What is the units digit of u(6)?
3
Suppose -k = 4*g - 87, -4*g + 5*g = 4*k + 43. What is the tens digit of g?
2
Let a(n) = 14*n - 21. What is the units digit of a(7)?
7
Suppose 2*q + 50 = 150. Suppose 0*l + 5*l = q. What is the units digit of l?
0
Suppose -5*m + 74 = -186. What is the units digit of m?
2
Let d(g) = -2*g - 4 + 2*g - 6 + 2*g. What is the units digit of d(8)?
6
Let q = 13 + 3. What is the tens digit of q?
1
Let c = 45 - 32. Suppose -c = -k + 19. Suppose 2*s = 6*s - k. What is the units digit of s?
8
Suppose -o + 12 = 5*o. What is the units digit of o/2 - (-4 + 0)?
5
Suppose -x + 8 = -1. Suppose -3*r = 3*f + 12, -4*f + 6 - 17 = 3*r. Let k = f + x. What is the tens digit of k?
1
Suppose -5*y + 34 = -116. What is the units digit of y?
0
Let z(x) = -x + 2. Let u be z(-6). Let n be u/3 - (-3)/9. Suppose 5*c = b - 3*b + 28, 9 = c - n*b. What is the units digit of c?
6
Let j(z) = -3*z + 6. What is the tens digit of j(-9)?
3
Let c = 9 + -5. Suppose -c*p = p - 135. What is the units digit of p?
7
Suppose 5*i + 4 = -4*z, -3*i = -2*i - z - 1. Let w = 0 - i. Suppose p = -w*p + 12. What is the units digit of p?
2
Suppose 2*s - 4*j - j - 21 = 0, -5*j - 3 = 4*s. Let q be s/(0 + -3) - 7. Let u = -1 - q. What is the units digit of u?
7
Suppose 4*s - 10 = 2*w, 5*s - 17 = -3*w + w. Let r = 12 - s. What is the units digit of r?
9
Let c = 15 + -7. Suppose -3*w + 4 = -3*s - 20, 0 = w + 3*s + c. What is the units digit of w?
4
Suppose -2*k + k = -34. What is the units digit of k?
4
What is the units digit of 258/(-4)*8/(-12)?
3
Let u(l) = l**2 + l + 54. What is the tens digit of u(0)?
5
Suppose 5*a - 6 = -4*i + 4, -2*a = 3*i - 4. Let f be i/(2 + -3 - 1). What is the tens digit of (-33)/(-3)*(f + 1)?
1
Let g = -14 + 41. What is the units digit of g?
7
Let d = -14 + 23. Let j = d + 32. What is the tens digit of j?
4
Suppose -j - 2*n + 39 = 0, -4*n = n - 10. Let h = j + -18. What is the units digit of h?
7
Suppose -62 = -3*k + 43. What is the tens digit of k?
3
Let g(k) = 3*k**2 - 10*k - 14. What is the hundreds digit of g(9)?
1
Let p = 67 - 14. What is the units digit of p?
3
Let v(h) = -37*h - 1. Let b be v(-1). Let p = b + -26. What is the tens digit of p?
1
Let z be (-11)/(22/(-48)) - 2. Suppose -3*u + 23 = -z. What is the units digit of u?
5
Let j(l) = -3*l**3 + 2*l**2 - 1. Let m be j(-1). Suppose -m*t + 120 = -y - 0*y, -5*y + 113 = 3*t. What is the tens digit of t?
3
Suppose -830 = -6*f + f. What is the hundreds digit of f?
1
Suppose 5*p = 0, p = -4*o + 6 - 30. Let y = -3 - o. Suppose 4*x - 2*g - 32 = 0, 24 = y*x - 3*g - g. What is the units digit of x?
8
Let d = 28 + 1. Suppose 2*a + j = d, -a - 3*j = -2*j - 16. What is the tens digit of a?
1
Let p(w) = -10*w + 1. Let m(j) = j. Let u(r) = 6*m(r) + p(r). What is the units digit of u(-3)?
3
Let t(f) = f**3 + f + 105. Let q be t(0). Suppose 5*i - q = 15. What is the tens digit of i?
2
Let n = 13 - 3. Suppose -3*o + n + 5 = 0. Suppose a + 4 = y - 6*y, o*y = -2*a - 3. What is the units digit of a?
1
Let s(v) = 2*v**3 - 5*v**2 + 3*v - 2. Let p be s(3). Let r = -10 + p. What is the units digit of r?
6
Suppose -4*w + 41 = t, 9 = 2*t - 1. Let o(m) be the third derivative of m**4/12 - 11*m**3/6 - m**2. What is the units digit of o(w)?
7
Let r(l) = -2*l - 4. Let d(w) be the third derivative of w**4/3 + 17*w**3/6 - 2*w**2. Let z(s) = 2*d(s) + 9*r(s). What is the units digit of z(-7)?
2
Suppose 2*x = -2*d + 16, d + x - 13 = -d. Suppose -10 - 10 = -d*p. What is the units digit of p?
4
What is the units digit of 72 - (-6)/2 - 4?
1
Suppose 2*f - 2 = 0, f + 9 + 17 = 3*z. Let l be 3 + -2 + z/(-1). What is the units digit of 1 - (l/1 - -1)?
8
Let g(v) = -v - 1. Let z(n) = -n - 2. Let r(t) = 3*g(t) - z(t). Let f = -8 - -4. What is the units digit of r(f)?
7
Suppose -5*p = -3*v - 22, 4*p - 4*v - 4 = -5*v. Let r(i) = -i**2 + i**3 - 3*i**2 - 2*i**2 + p + 6*i. What is the units digit of r(5)?
7
Let k(t) = -t**2 + 4*t - 3. Suppose -2*c + c = 7. Let p = -5 - c. What is the units digit of k(p)?
1
Let c be 550/35 + 2/7. What is the units digit of ((-3)/(-4))/(2/c)?
6
Suppose -5*y + 4*n = 7*n - 1036, -2*n - 842 = -4*y. What is the hundreds digit of y?
2
Suppose -2*u - 4 + 14 = 0. What is the units digit of u?
5
Suppose -3*m + 4*m - 15 = -4*c, 34 = 3*m + c. Suppose 5*p = -4*j - 12, -2*p + 5*j = 7 + m. Let g = 12 + p. What is the units digit of g?
8
Let l(v) = 7*v - 13. What is the tens digit of l(6)?
2
Let m(o) = 6*o**2 + 5*o - 8. What is the units digit of m(2)?
6
Suppose w = -3*s + 23, -4*s + 58 = 4*w - 42. Let l = 44 - w. What is the tens digit of l?
1
Let q = 8 + -6. Suppose 0 = c + 3*n + 4, 2*c - 6*c = 3*n - 11. Let y = c - q. What is the units digit of y?
3
What is the units digit of 3/12 + (-862)/(-8) + -1?
7
Let r(k) be the third derivative of -5*k**4/24 - k**3 - 3*k**2. What is the units digit of r(-3)?
9
Suppose 0 = j + 2 - 3. Let g = -1 + 2. What is the units digit of g*(-1)/(j/(-1))?
1
Let q(h) = -h**3 - 4*h**2 - 2. Let x be q(-4). Let d = 25 - x. Suppose -4*g + t + 38 = 0, 5*g - 3*t - d = 17. What is the units digit of g?
0
Suppose -u - 38 = -5*j, 0*j = -3*j + 4*u + 16. What is the units digit of j?
8
Suppose 2*c + 4*y - 1272 = 3*y, -4*y - 1919 = -3*c. What is the tens digit of 2/8 - c/(-28)?
2
What is the tens digit of 111/2 - 2*(-6)/24?
5
Suppose 202 = 5*f - 498. What is the hundreds digit of f?
1
Suppose -6*r - 32 = -362. What is the tens digit of r?
5
Let f(x) = -x. Let o = 6 - 10. Let n be f(o). Suppose -a + n + 1 = 0. What is the units digit of a?
5
Let w(z) = -5*z - 1. Let a be w(-1). Suppose 4*v = -q + 21, -3*q + 2*q = -v + a. Suppose -2*k = -v*h + 40 - 14, -2*h - 4 = 4*k. What is the units digit of h?
4
Suppose 0 = y - 45 - 26. What is the tens digit of y?
7
Let f = -7 - -8. What is the tens digit of (0/4 - -51)*f?
5
Let q(o) = o**3 - 10*o**2 + 9*o + 4. What is the units digit of q(9)?
4
Let l be (-1 + 2)*(-1 - -1). Suppose 19 = -o - 4*i, l = -4*o + 2*i - 3 - 1. What is the units digit of 2/o - (-14)/3?
4
Let o(z) = 2*z**3 - 7*z**2 + 2*z - 5. What is the tens digit of o(5)?
8
Let q(w) = -w**3 + w - 7. Let y be q(0). Let h = -4 - y. What is the units digit of ((11*h)/(-3))/(-1)?
1
Let o be 3/(-2) + 9/2. Suppose -o*s = -3*d + 66, -5*d + 2*s + s = -102. What is the tens digit of d?
1
Let l = 0 + 4. Let d(i) = i - 3. Let s be d(6). Suppose s*r = 5*q + 42, -3*q = l*r - 0*r - 56. What is the tens digit of r?
1
Let n(f) = -2*f**3 - 2*f**2 + f - 2. Let b be n(-3). Suppose 0 = -2*z - m - 28, -5*m - 44 = 2*z + 2*z. Let a = b + z. What is the units digit of a?
5
Let b(y) = -2*y + 4. Let n be b(3). Let i = n + 5. Suppose d = i*d - 4. What is the units digit of d?
2
Let s = 36 + -19. What is the units digit of s?
7
Let y(c) = -c - 6. Let w be y(-3). Suppose 2*o - 4*o + 12 = 0. Let d = o + w. What is the units digit of d?
3
Let a(m) = -m**2 + m + 1. Let v be a(1). Suppose 4*f - 10 = -3*j + 8*j, -f + v = -2*j. What is the units digit of f?
5
Suppose -o = 3*o - 180. Let m = -20 + o. What is the units digit of m?
5
What is the units digit of (-1 - 3595/20)/((-9)/12)?
1
Let d(i) = 2*i**2 - 2*i - 7. Let g(x) = 2*x**2 - 3*x - 7. Let j(f) = -3*d(f) + 4*g(f). What is the tens digit of j(5)?
1
Let a(p) = p**3 + 2*p**2 - 4*p - 16. What is the units digit of a(5)?
9
Let n(g) be the third derivative of -1/20*g**5 + 0 - 1/6*g**4 + 0*g - 3*g**2 - 1/3*g**3 - 1/120*g**6. What is the units digit of n(-3)?
0
Let w = 13 + -21. Let r(h) = 2*h + 8. Let m be r(-7). What is the units digit of (-9)/(-2)*w/m?
6
